-2*j, -4*y + 20 = y. Let h = 14 + j. Is -30*(h/2 + 3) composite?
True
Let v = 8 + -13. Let t be (3/v)/((-1)/5). Suppose -92 = 4*x + t*o - 670, 4*o + 278 = 2*x. Is x prime?
False
Let g = 3 - 6. Is 1*357*(-1)/g prime?
False
Suppose 0 = 5*s - 3*j + 24, -s - j - 8 = -0*s. Let h(i) = -12*i - 5. Is h(s) composite?
False
Is 10*(6/4)/(42/14854) a composite number?
True
Suppose 0 = -2*q - 4*y - 234, q + 4*y - 3*y = -114. Suppose 0 = -4*c + c - 6. Is q/9*12/c a composite number?
True
Suppose -5*j - 4*p = -6061, 6*j - 2*j - 3*p = 4855. Is j composite?
False
Let a = 361 - 14. Is a a prime number?
True
Let s(b) = -6*b**3 + 9*b**2 - 8. Let c(o) = 7*o**3 - 9*o**2 - o + 9. Let t(d) = 5*c(d) + 6*s(d). Suppose 0 = -4*j - 4, -7 = p - 3*p - j. Is t(p) composite?
True
Suppose -4*g - 3*i = -6*i - 168, 3*g = -5*i + 97. Is 11986/g + (-2)/6 composite?
False
Let b(n) = -2*n - 10. Let f = 3 + -10. Let u be b(f). Suppose u*x = 24 - 4, 2*x = -g + 17. Is g a prime number?
True
Let y(v) = -66*v**2 - v. Let a be y(1). Let m = a - -164. Is m a composite number?
False
Suppose -4*h - 2*x = -322, -x + 239 = 3*h + x. Is h composite?
False
Is (-7 - (-272)/(-3))*(-1 + -2) prime?
True
Is -2 + 2 + -3 - -17 prime?
False
Let q = 36 - 6. Suppose -q = -3*n + 75. Is n a prime number?
False
Suppose 3*o - 221 - 244 = 0. Is o a composite number?
True
Let q = -520 + 779. Let w = q - -100. Is w a prime number?
True
Suppose -2*n - 215 = -39. Suppose -q - 2*a = -247, 8*q + 5*a - 1230 = 3*q. Let y = n + q. Is y composite?
False
Suppose b = -b + 1652. Suppose 3*q - b = q. Is q composite?
True
Is (-14)/(-35) + (-663)/(-5) a prime number?
False
Let y(c) = c**2 + c - 15. Let z be y(-12). Suppose 5*u + 590 = 120. Let f = z - u. Is f composite?
False
Let y = -67 - -113. Is y + (2 - (-3)/(-3)) a prime number?
True
Suppose -5*q + 17 + 78 = 0. Is q a prime number?
True
Let q(j) = -55*j - 14. Is q(-7) prime?
False
Let r = -3 + 3. Let p be (10 - r)/(-2 + 4). Let k = p - -32. Is k composite?
False
Suppose -3*j - 600 = j. Let m = j + 229. Is m a composite number?
False
Suppose 6*n - n - 860 = 0. Let k = n + 39. Is k composite?
False
Let n = 7 + 20. Let c = 404 - n. Is c a prime number?
False
Let t = -6 - -10. Let k = 6 - t. Suppose -k*p - 63 = -245. Is p prime?
False
Let z = -1936 - -4009. Is z a composite number?
True
Let x(m) = -35*m + 1. Let o(u) = -34*u + 1. Let a(t) = -5*o(t) + 4*x(t). Is a(11) a prime number?
False
Let b = 230 - -69. Suppose 9*x + b = 10*x. Is x a composite number?
True
Let y(n) = 379*n. Is y(1) prime?
True
Let a(t) be the second derivative of -t**7/840 + t**6/30 - t**5/40 + 7*t**4/24 + t**3/6 + t. Let m(k) be the second derivative of a(k). Is m(9) composite?
False
Let s(l) = l**2 - 7*l + 2. Let u be 2/(-1 + 18/14). Let g be s(u). Suppose -23 - 6 = -y - g*j, -j - 23 = -y. Is y a prime number?
False
Let t = 0 - -2. Suppose 0 = -3*z + t*d + 207, 2*z - 4*d - 213 = -z. Is z a prime number?
True
Let l be ((-3)/(-6))/(2/(-4)). Is (-3)/(l*(-9)/(-285)) a composite number?
True
Suppose 3*d + 3*m - 406 = -d, -m - 414 = -4*d. Suppose 4*q - 3*j = 22 + 2, 3*q = -3*j - 3. Suppose 37 = -q*a + d. Is a prime?
False
Let o(d) = 56*d**3 + d**2 - 2*d + 1. Let i be o(1). Let u = i + 23. Is u composite?
False
Suppose -5*p + 3*s = -325 - 235, s = -5. Is p a prime number?
True
Let y = -4 + 9. Let a(q) = y*q - 5*q - 5 + 14 + q**2. Is a(-7) a prime number?
False
Let f be (-24)/(-10) - 12/(-20). Suppose 0 = -d + f*d - 106. Is d composite?
False
Let k(l) = -21*l - 1. Let b be k(3). Let i = 153 + b. Is i a composite number?
False
Let d(a) = -a**3 - 2*a**2 - 4*a + 2. Let k(h) = h**3 + 7*h**2 - 7*h + 7. Let q be k(-8). Let r be (9 + -8)*(-6 - q). Is d(r) a composite number?
False
Let b be (-11)/(-3) + 4/(-6). Suppose -742 - 336 = -b*o - 2*x, -1430 = -4*o + x. Is o a prime number?
False
Let w(c) = -21*c - 2. Let f(p) = -p - 1. Let h(m) = -2*f(m) - w(m). Let y be h(3). Let a = 168 - y. Is a a composite number?
True
Is (-2)/(-7) + (-49868)/(-49) a composite number?
True
Let a be (1/4)/(2/8). Suppose -a = -l + 4. Suppose 0 = -0*n - n + 4*m + 59, -l*n + 5*m = -370. Is n a composite number?
False
Let m be (-20)/6*3*-1. Is (1*m)/(2/11) prime?
False
Let h(u) = u - 1. Let c be h(-3). Let t be -4*(2 - (-11)/c). Suppose -11 = -t*k + 82. Is k a composite number?
False
Suppose 4*h + h = 395. Is h a prime number?
True
Let m = 40 + -3. Is m a composite number?
False
Let r(c) = -556*c. Let g be r(4). Is (6/4)/((-8)/g) prime?
False
Suppose 0 = 5*x - 3*t - 2428, 3*t - 482 = -4*x + 3*x. Is x prime?
False
Let a = 2 + 0. Let m = -3 + 7. Suppose 2*n + m*i = 334, -a*n = n + 3*i - 495. Is n a composite number?
False
Suppose -2*x - 664 + 93 = -b, 2*x + 1701 = 3*b. Is b prime?
False
Suppose p + 257 - 744 = 0. Is p composite?
False
Suppose 5*y + 5*m + 0*m = 40, 5*y + 2*m - 46 = 0. Suppose 83 = 11*w - y*w. Is w prime?
True
Let i(n) = -14*n**3 + 3*n**2 - 5*n - 5. Is i(-4) a prime number?
False
Let w(a) = -87*a - 1. Let x be w(-2). Suppose p = 0, -5*i + 4*p + x = -162. Is i a composite number?
False
Suppose -k + 322 = 3*y, 2*k = 3*y + 104 + 495. Is k prime?
True
Let s = -832 - -1864. Suppose -3*w = -2*u - 603, -5*w - 27 = 4*u - s. Is w a composite number?
True
Suppose -4*s + 41 = 5*j - 0*s, -j + 17 = 3*s. Let r = j - 1. Suppose -5*w - 725 = -r*c, c = -3*w + 101 + 93. Is c prime?
False
Let v = 3 + 0. Suppose v*s - 7 = 5*h, 4*h + 6*s = 3*s - 11. Is -30*(h - -1) + 1 composite?
False
Suppose a = 3*i - 1, 5*a - 7 - 14 = 2*i. Suppose z - 40 = -3*t + 34, 64 = z - i*t. Suppose 2*b + z = 4*b. Is b a composite number?
True
Let w = 73 - 42. Is w a prime number?
True
Suppose -20*p = -23*p + 1857. Is p a composite number?
False
Suppose -4*z = -4*n + 1868, 3*z - 7*z - 467 = -n. Is n composite?
False
Let s be (-2)/3 + 102/18. Suppose -x + 0*n + 5*n = -111, -s*n = -5*x + 475. Is x composite?
True
Let c(f) = 6*f + 18*f + 53*f. Suppose 2*y = -2*a - 3*a - 3, -3*a + 5*y = -23. Is c(a) prime?
False
Suppose -2*s = 2 + 4. Let y(f) = 20*f**2 - 2*f - 1. Is y(s) composite?
True
Let u = 9 + -13. Let w(h) = 1 + 7*h - 12*h - 30*h - 4*h. Is w(u) prime?
True
Suppose x - 350 = 233. Is x composite?
True
Let r(l) be the first derivative of l**4/4 + 7*l**3/3 + l**2/2 - 5*l - 2. Is r(-6) composite?
True
Suppose -4*r - r + 460 = 0. Suppose -k + r = 3*k. Is k a composite number?
False
Let n(h) = 20*h**2 + 4*h - 3. Is n(2) prime?
False
Let r(h) = 41*h**3 + 2*h**2 - 3*h + 1. Is r(2) a prime number?
True
Suppose -4*l - 8 = -2*h, -4*h + 5*l = -5 - 2. Is 44 + (-2 - 4)/h composite?
False
Is (2 + -1 - -21) + -3 a prime number?
True
Suppose -1 = -2*q + 1. Suppose 17 = -l - 5*h, -3*h - q - 10 = l. Is (-98)/l - (4 + -2) a prime number?
True
Suppose -s + 3*s + 6 = 0. Let b(n) = 3*n**2 + 3*n - 3. Is b(s) a composite number?
True
Suppose 0 = 2*n - 430 - 192. Is n prime?
True
Let q(r) = -r**3 - 14*r**2 - 9*r - 20. Is q(-14) a prime number?
False
Let p be -2 + -99 + 6/2. Let z = 108 - p. Let h = z - 129. Is h a composite number?
True
Suppose -o - 35 = -5*z + o, 2*o = -5*z + 35. Suppose -5*h + 3*k = -10, z*k = -h + 2*k + 30. Suppose -3*t = -h - 13. Is t a prime number?
False
Is ((-1)/(-3))/((-1)/(-5271)) composite?
True
Suppose 2*h - 344 = -54. Is h composite?
True
Let u(i) = 2*i**2 + 2*i - 1. Is u(-4) a prime number?
True
Suppose s - 3*w - 682 = 0, 3*w + 2038 = 3*s + 2*w. Is s a composite number?
True
Let v(l) = -188*l - 13. Is v(-4) a composite number?
False
Let g(f) = -1150*f - 11. Is g(-1) prime?
False
Let r(x) = x**3 + 2*x**2 + x**2 + 3*x + 2 + x**2 - x**2. Is r(3) a prime number?
False
Let v = -268 + 603. Is v composite?
True
Let n be ((-3)/6)/(3/(-216)). Let u be 2/(-6) - 25/(-3). Suppose 4*i - n = -u. Is i prime?
True
Suppose 2*l - 4 = 4*d, -4*l = -8*l - 3*d - 36. Is 4*l/(-8) - -182 prime?
False
Let y = 4 + -4. Suppose i - 3 - 5 = y. Let g(d) = -d**2 + 9*d + 11. Is g(i) a composite number?
False
Suppose t - 2*t + 127 = 0. Is t composite?
False
Suppose 0*o + 2 = -2*o. Let b(g) = -36*g + 1. Is b(o) prime?
True
Let u(r) = -6*r**2 - r + 1. Let c(p) = -11*p**2 - 3*p + 3. Let n = -22 - -12. Let a(z) = n*u(z) + 4*c(z). Is a(2) a prime number?
False
Let b(i) = i**2 + 4*i - 5. Let w be b(-5). Let y(o) = o**2 + 203 - 193*o + 193*o. Is y(w) composite?
True
Let t(f) = -2*f + 1. Let g be t(-2). Suppo